{"id":7129,"date":"2026-03-12T17:26:59","date_gmt":"2026-03-12T20:26:59","guid":{"rendered":"https:\/\/linexstore.com.br\/loja\/?post_type=product&#038;p=7129"},"modified":"2026-03-17T13:08:06","modified_gmt":"2026-03-17T16:08:06","slug":"adaptador-conversor-porta-paralela-db25-25-pinos-para-porta-usb-5-eixos-para-mach3","status":"publish","type":"product","link":"https:\/\/linexstore.com.br\/loja\/produto\/adaptador-conversor-porta-paralela-db25-25-pinos-para-porta-usb-5-eixos-para-mach3","title":{"rendered":"Adaptador Conversor Porta Paralela DB25 25 pinos para Porta USB &#8211; 5 Eixos para Mach3"},"content":{"rendered":"<h2>Adaptador Conversor\u00a0<b>Porta Paralela DB25 25 pinos para Porta USB<\/b>\u00a0&#8211; 5 Eixos para Mach3<\/h2>\n<p>Adaptador Conversor de Porta Paralela DB25 25Pinos para USB.<\/p>\n<p>Conversor compat\u00edvel com Interfaces Placa Controladora Opto-Isolada entre PC e m\u00e1quina CNC, com transmiss\u00e3o de dados via porta Paralela DB25 de 25 pinos.<\/p>\n<h6>Itens inclusos:<\/h6>\n<ul>\n<li>Adaptador Porta Paralela DB25 para USB: modelo\u00a0<strong>ADAPTADOR-DB25-TO-USB-NC200<\/strong><\/li>\n<li>Placa Controladora via Porta Paralela<\/li>\n<li>Cabo de Transmiss\u00e3o de Dados <b>USB A p\/ USB B<\/b> (p\/ adaptador)<\/li>\n<li>Cabo de Transmiss\u00e3o de Dados <b>USB A p\/ USB A<\/b>(p\/ placa)<\/li>\n<\/ul>\n<h3 data-start=\"991\" data-end=\"1009\"><strong data-start=\"995\" data-end=\"1009\">Aplica\u00e7\u00f5es<\/strong><\/h3>\n<p>Automa\u00e7\u00e3o CNC de m\u00e1quinas em geral:<\/p>\n<ul>\n<li>Routers CNC,<\/li>\n<li>Fresadoras CNC,<\/li>\n<li>Tornos CNC,<\/li>\n<li>Corte Laser CNC,<\/li>\n<li>Corte Plasma CNC.<\/li>\n<\/ul>\n<p>Suporta at\u00e9 5 eixos, mais 5 Entradas e 12 Sa\u00eddas de Sinal sendo: 1 sa\u00edda Anal\u00f3gica 0~10V <i>e 1 Sa\u00edda com Rel\u00e9\u00a0<u>NA<\/u>.<\/i><\/p>\n<p>Permite ligar <strong>sensor Home, Fim-de-Curso, Probe, Cycle-Start, Index&#8230;<\/strong><\/p>\n<p>Possui sa\u00edda para acionamento\u00a0<strong>Liga\/Desliga do Spindle<\/strong>, refrigera\u00e7\u00e3o da ferramenta.<\/p>\n<h3 data-start=\"1603\" data-end=\"1635\"><strong data-start=\"1607\" data-end=\"1635\">Caracter\u00edsticas t\u00e9cnicas<\/strong><\/h3>\n<ul>\n<li><strong>Modelo:<\/strong> ADAPTADOR-DB25-TO-USB-NC200<\/li>\n<li><strong>Softwares de Controle Compat\u00edveis:<\/strong> \u00a0MACH3<\/li>\n<li><strong>Sistema Operacional:<\/strong> \u00a0Windows 32 ou 64 bits\u00a0(Windows XP, Win 7, Win 10, Win Vista)<\/li>\n<li><strong>Speed Frequency:<\/strong> 200 kHz<\/li>\n<li><strong>Transmiss\u00e3o de Dados:<\/strong> Porta USB no computador.<\/li>\n<li><strong>Alimenta\u00e7\u00e3o Principal de Energia:<\/strong> via USB Tipo-B (+5 VDC)<\/li>\n<li><strong>Quantidade de Eixos:<\/strong> 1 at\u00e9 5 eixos\u00a0(X, Y, Z, A, B)\u00a0&#8211; de 2 fases cada (Pulso e Dire\u00e7\u00e3o)<\/li>\n<li><strong>Entradas \/ Input:<\/strong> 5 &#8211;\u00a0<i>ex: Bot\u00e3o de Emerg\u00eancia, Fim-de-Curso, Home, Probe, etc.<\/i><\/li>\n<li><strong>Sa\u00eddas \/ Output:<\/strong> 12 Sa\u00eddas Digitais (total)\u00a0&#8211;\u00a0<i>ex: Pulso e Dire\u00e7\u00e3o dos drivers; Liga\/Desliga Spindle, Sentido de Rota\u00e7\u00e3o, Refrigera\u00e7\u00e3o, etc.<\/i><\/li>\n<li><strong>Sa\u00edda com Rel\u00e9:<\/strong> 1 sa\u00edda (NA apenas &#8211; an\u00e1loga \u00e0 digital P17)<\/li>\n<li><strong>Dimens\u00e3o:<\/strong> \u00a0120 x 90 x 25 mm (comprimento x largura x altura)<\/li>\n<\/ul>\n<p>Na LineX Store voc\u00ea encontra ferramentas selecionadas com alto padr\u00e3o de qualidade, garantindo precis\u00e3o, durabilidade e desempenho real na usinagem. Compre com seguran\u00e7a, suporte especializado e a confian\u00e7a de resultados profissionais desde o primeiro uso.<\/p>\n","protected":false},"excerpt":{"rendered":"<h6>Adaptador Conversor\u00a0<b>Porta Paralela DB25 25 pinos para Porta USB<\/b>\u00a0&#8211; 5 Eixos para Mach3<\/h6>\n<p>O adaptador \u00e9 ideal para quem busca uma solu\u00e7\u00e3o confi\u00e1vel e acess\u00edvel para controle de m\u00e1quinas CNC, oferecendo precis\u00e3o no movimento, estabilidade operacional e excelente desempenho em aplica\u00e7\u00f5es de usinagem, grava\u00e7\u00e3o e automa\u00e7\u00e3o.<\/p>\n","protected":false},"featured_media":7130,"comment_status":"open","ping_status":"closed","template":"","meta":{"site-sidebar-layout":"default","site-content-layout":"","ast-site-content-layout":"default","site-content-style":"default","site-sidebar-style":"default","ast-global-header-display":"","ast-banner-title-visibility":"","ast-main-header-display":"","ast-hfb-above-header-display":"","ast-hfb-below-header-display":"","ast-hfb-mobile-header-display":"","site-post-title":"","ast-breadcrumbs-content":"","ast-featured-img":"","footer-sml-layout":"","ast-disable-related-posts":"","theme-transparent-header-meta":"default","adv-header-id-meta":"","stick-header-meta":"","header-above-stick-meta":"","header-main-stick-meta":"","header-below-stick-meta":"","astra-migrate-meta-layouts":"set","ast-page-background-enabled":"default","ast-page-background-meta":{"desktop":{"background-color":"","background-image":"","background-repeat":"repeat","background-position":"center center","background-size":"auto","background-attachment":"scroll","background-type":"","background-media":"","overlay-type":"","overlay-color":"","overlay-opacity":"","overlay-gradient":""},"tablet":{"background-color":"","background-image":"","background-repeat":"repeat","background-position":"center center","background-size":"auto","background-attachment":"scroll","background-type":"","background-media":"","overlay-type":"","overlay-color":"","overlay-opacity":"","overlay-gradient":""},"mobile":{"background-color":"","background-image":"","background-repeat":"repeat","background-position":"center center","background-size":"auto","background-attachment":"scroll","background-type":"","background-media":"","overlay-type":"","overlay-color":"","overlay-opacity":"","overlay-gradient":""}},"ast-content-background-meta":{"desktop":{"background-color":"var(--ast-global-color-5)","background-image":"","background-repeat":"repeat","background-position":"center center","background-size":"auto","background-attachment":"scroll","background-type":"","background-media":"","overlay-type":"","overlay-color":"","overlay-opacity":"","overlay-gradient":""},"tablet":{"background-color":"var(--ast-global-color-5)","background-image":"","background-repeat":"repeat","background-position":"center center","background-size":"auto","background-attachment":"scroll","background-type":"","background-media":"","overlay-type":"","overlay-color":"","overlay-opacity":"","overlay-gradient":""},"mobile":{"background-color":"var(--ast-global-color-5)","background-image":"","background-repeat":"repeat","background-position":"center center","background-size":"auto","background-attachment":"scroll","background-type":"","background-media":"","overlay-type":"","overlay-color":"","overlay-opacity":"","overlay-gradient":""}}},"product_brand":[25],"product_cat":[242],"product_tag":[284,283,282,281,280,277,278,279,276],"class_list":{"0":"post-7129","1":"product","2":"type-product","3":"status-publish","4":"has-post-thumbnail","6":"product_brand-linex-store","7":"product_cat-placas-cnc","8":"product_tag-adaptador-ly-usb-200-mach3-cnc","9":"product_tag-adaptador-ly-usb200-mach3-cnc","10":"product_tag-adaptador-nc-200-mach3-cnc","11":"product_tag-adaptador-nc200-mach3-cnc","12":"product_tag-adaptador-porta-lpt-para-usb-mach3-cnc","13":"product_tag-adaptador-porta-paralela-db25-para-usb","14":"product_tag-adaptador-porta-paralela-db25-para-usb-mach3","15":"product_tag-adaptador-porta-paralela-db25-para-usb-mach3-cnc","16":"product_tag-adaptador-porta-paralela-db25-usb","17":"desktop-align-center","18":"tablet-align-center","19":"mobile-align-center","21":"first","22":"onbackorder","23":"taxable","24":"shipping-taxable","25":"product-type-simple"},"_links":{"self":[{"href":"https:\/\/linexstore.com.br\/loja\/wp-json\/wp\/v2\/product\/7129","targetHints":{"allow":["GET"]}}],"collection":[{"href":"https:\/\/linexstore.com.br\/loja\/wp-json\/wp\/v2\/product"}],"about":[{"href":"https:\/\/linexstore.com.br\/loja\/wp-json\/wp\/v2\/types\/product"}],"replies":[{"embeddable":true,"href":"https:\/\/linexstore.com.br\/loja\/wp-json\/wp\/v2\/comments?post=7129"}],"wp:featuredmedia":[{"embeddable":true,"href":"https:\/\/linexstore.com.br\/loja\/wp-json\/wp\/v2\/media\/7130"}],"wp:attachment":[{"href":"https:\/\/linexstore.com.br\/loja\/wp-json\/wp\/v2\/media?parent=7129"}],"wp:term":[{"taxonomy":"product_brand","embeddable":true,"href":"https:\/\/linexstore.com.br\/loja\/wp-json\/wp\/v2\/product_brand?post=7129"},{"taxonomy":"product_cat","embeddable":true,"href":"https:\/\/linexstore.com.br\/loja\/wp-json\/wp\/v2\/product_cat?post=7129"},{"taxonomy":"product_tag","embeddable":true,"href":"https:\/\/linexstore.com.br\/loja\/wp-json\/wp\/v2\/product_tag?post=7129"}],"curies":[{"name":"wp","href":"https:\/\/api.w.org\/{rel}","templated":true}]}}