{"id":6618,"date":"2026-02-09T13:26:04","date_gmt":"2026-02-09T16:26:04","guid":{"rendered":"https:\/\/linexstore.com.br\/loja\/?post_type=product&#038;p=6618"},"modified":"2026-02-09T13:30:15","modified_gmt":"2026-02-09T16:30:15","slug":"fresa-de-chanfro-8-0mm-x-30-ponta-v-60-em-metal-duro-hrc-55","status":"publish","type":"product","link":"https:\/\/linexstore.com.br\/loja\/produto\/fresa-de-chanfro-8-0mm-x-30-ponta-v-60-em-metal-duro-hrc-55","title":{"rendered":"Fresa de Chanfro 8.0mm X 30\u00b0 Ponta V 60\u00b0 em Metal Duro &#8211; HRC-55"},"content":{"rendered":"<h2>Fresa de Chanfro 8.0mm X 60\u00b0 em Metal Duro &#8211; HRC-55<\/h2>\n<p>A Fresa de Chanfro 60\u00b0 \u00e9 uma ferramenta de alta performance desenvolvida para opera\u00e7\u00f5es de chanfragem, quebra-canto (30<em>\u00b0<\/em>) e abertura de rasgos em \u201cV\u201d (6<em>0\u00b0<\/em>).<\/p>\n<p>Fabricada em metal duro (<em>carboneto de tungst\u00eanio<\/em>), a ponta possui revestimento com dureza HRC-55 (<em>escala Rockwell C<\/em>), auxiliando na manuten\u00e7\u00e3o do fio de corte e garantindo alta resist\u00eancia ao desgaste, maior estabilidade, desempenho, confiabilidade e repetibilidade em opera\u00e7\u00f5es de usinagem.<\/p>\n<p data-start=\"355\" data-end=\"601\">Esse n\u00edvel de dureza proporciona maior vida \u00fatil \u00e0 ferramenta, reduzindo o desgaste prematuro da aresta de corte, al\u00e9m de contribuir para um acabamento mais limpo e preciso, mesmo em aplica\u00e7\u00f5es cont\u00ednuas ou sob maior carga de trabalho.<\/p>\n<h3 data-start=\"1113\" data-end=\"1131\"><strong data-start=\"1117\" data-end=\"1131\">Aplica\u00e7\u00f5es<\/strong><\/h3>\n<p data-start=\"1132\" data-end=\"1189\">Indicada para usinagem de diversos tipos de metais, como:<\/p>\n<ul data-start=\"1190\" data-end=\"1241\">\n<li data-start=\"1190\" data-end=\"1199\">\n<p data-start=\"1192\" data-end=\"1199\">Ferro<\/p>\n<\/li>\n<li data-start=\"1190\" data-end=\"1199\">\n<p data-start=\"1192\" data-end=\"1199\">A\u00e7o<\/p>\n<\/li>\n<li data-start=\"1208\" data-end=\"1217\">\n<p data-start=\"1210\" data-end=\"1217\">Lat\u00e3o<\/p>\n<\/li>\n<li data-start=\"1218\" data-end=\"1228\">\n<p data-start=\"1220\" data-end=\"1228\">Bronze<\/p>\n<\/li>\n<li data-start=\"1229\" data-end=\"1241\">\n<p data-start=\"1231\" data-end=\"1241\">Alum\u00ednio<\/p>\n<\/li>\n<\/ul>\n<p data-start=\"1243\" data-end=\"1420\">Pode ser utilizada em <strong data-start=\"1265\" data-end=\"1337\">m\u00e1quinas CNC, microfresadoras e equipamentos de usinagem de precis\u00e3o<\/strong>, atendendo tanto aplica\u00e7\u00f5es industriais quanto trabalhos t\u00e9cnicos mais detalhados.<\/p>\n<h3 data-start=\"1422\" data-end=\"1451\"><strong data-start=\"1426\" data-end=\"1451\">Principais benef\u00edcios<\/strong><\/h3>\n<ul data-start=\"1452\" data-end=\"1716\">\n<li data-start=\"1452\" data-end=\"1509\">\n<p data-start=\"1454\" data-end=\"1509\">Alta durabilidade<\/p>\n<\/li>\n<li data-start=\"1452\" data-end=\"1509\">\n<p data-start=\"1454\" data-end=\"1509\">Corte preciso e est\u00e1vel<\/p>\n<\/li>\n<li data-start=\"1536\" data-end=\"1570\">\n<p data-start=\"1538\" data-end=\"1570\">Excelente acabamento<\/p>\n<\/li>\n<li data-start=\"1571\" data-end=\"1605\">\n<p data-start=\"1573\" data-end=\"1605\">Redu\u00e7\u00e3o de rebarbas e retrabalho<\/p>\n<\/li>\n<li data-start=\"1606\" data-end=\"1667\">\n<p data-start=\"1608\" data-end=\"1667\">Ideal para opera\u00e7\u00f5es de chanfro e rasgos em V<\/p>\n<\/li>\n<li data-start=\"1668\" data-end=\"1716\">\n<p data-start=\"1670\" data-end=\"1716\">\u00d3timo desempenho em diferentes tipos de metais<\/p>\n<\/li>\n<\/ul>\n<h3 data-start=\"1718\" data-end=\"1749\"><strong data-start=\"1722\" data-end=\"1749\">Especifica\u00e7\u00f5es t\u00e9cnicas<\/strong><\/h3>\n<ul data-start=\"1750\" data-end=\"2047\">\n<li data-start=\"1750\" data-end=\"1804\">\n<p data-start=\"1752\" data-end=\"1804\"><strong data-start=\"1752\" data-end=\"1765\">Material:<\/strong> Metal Duro \/ Carboneto de Tungst\u00eanio<\/p>\n<\/li>\n<li data-start=\"1750\" data-end=\"1804\">\n<p data-start=\"1752\" data-end=\"1804\"><strong>Revestimento:<\/strong> HRC-55<\/p>\n<\/li>\n<li data-start=\"1750\" data-end=\"1804\">\n<p data-start=\"1752\" data-end=\"1804\"><strong data-start=\"1807\" data-end=\"1816\">Tipo:<\/strong> Fresa de Chanfro \/ V-Bit<\/p>\n<\/li>\n<li data-start=\"1750\" data-end=\"1804\">\n<p data-start=\"1752\" data-end=\"1804\"><strong data-start=\"1853\" data-end=\"1876\">Geometria da ponta:<\/strong> V &#8211; 60\u00b0<\/p>\n<\/li>\n<li data-start=\"1750\" data-end=\"1804\">\n<p data-start=\"1752\" data-end=\"1804\"><strong data-start=\"1889\" data-end=\"1913\">Quantidade de facas:<\/strong> 3<\/p>\n<\/li>\n<li data-start=\"1750\" data-end=\"1804\">\n<p data-start=\"1752\" data-end=\"1804\"><strong data-start=\"1920\" data-end=\"1942\">Di\u00e2metro da haste:<\/strong> 8.0 mm<\/p>\n<\/li>\n<li data-start=\"1750\" data-end=\"1804\">\n<p data-start=\"1752\" data-end=\"1804\"><strong data-start=\"1954\" data-end=\"1976\">Di\u00e2metro da ponta:<\/strong> 8.0 mm<\/p>\n<\/li>\n<\/ul>\n<p>Na LineX Store voc\u00ea encontra ferramentas selecionadas com alto padr\u00e3o de qualidade, garantindo precis\u00e3o, durabilidade e desempenho real na usinagem. Compre com seguran\u00e7a, suporte especializado e a confian\u00e7a de resultados profissionais desde o primeiro uso.<\/p>\n","protected":false},"excerpt":{"rendered":"<h6 data-start=\"328\" data-end=\"650\">Fresa V-Bit de Chanfro 8.0mm x 60\u00b0 (30\u00b0)<\/h6>\n<p data-start=\"328\" data-end=\"650\">A Fresa V-Bit de Chanfro 60\u00b0 \u00e9 fabricada em metal duro (<em>carboneto de tungst\u00eanio<\/em>), possui a ponta revestida com HRC-55, oferecendo alta resist\u00eancia, precis\u00e3o e durabilidade.<\/p>\n<p data-start=\"328\" data-end=\"650\">Indicada para usinagem de metais, \u00e9 ideal para chanfros, quebra-cantos em 30\u00b0 e rasgos de 60\u00b0 em \u201cV\u201d, garantindo acabamento limpo e uniforme.<\/p>\n<p data-start=\"328\" data-end=\"650\">Compat\u00edvel com diversos tipos de metais, como <strong>ferro, a\u00e7o, lat\u00e3o, bronze e alum\u00ednio.<\/strong><\/p>\n","protected":false},"featured_media":6525,"comment_status":"open","ping_status":"closed","template":"","meta":{"site-sidebar-layout":"default","site-content-layout":"","ast-site-content-layout":"default","site-content-style":"default","site-sidebar-style":"default","ast-global-header-display":"","ast-banner-title-visibility":"","ast-main-header-display":"","ast-hfb-above-header-display":"","ast-hfb-below-header-display":"","ast-hfb-mobile-header-display":"","site-post-title":"","ast-breadcrumbs-content":"","ast-featured-img":"","footer-sml-layout":"","ast-disable-related-posts":"","theme-transparent-header-meta":"default","adv-header-id-meta":"","stick-header-meta":"","header-above-stick-meta":"","header-main-stick-meta":"","header-below-stick-meta":"","astra-migrate-meta-layouts":"set","ast-page-background-enabled":"default","ast-page-background-meta":{"desktop":{"background-color":"","background-image":"","background-repeat":"repeat","background-position":"center center","background-size":"auto","background-attachment":"scroll","background-type":"","background-media":"","overlay-type":"","overlay-color":"","overlay-opacity":"","overlay-gradient":""},"tablet":{"background-color":"","background-image":"","background-repeat":"repeat","background-position":"center center","background-size":"auto","background-attachment":"scroll","background-type":"","background-media":"","overlay-type":"","overlay-color":"","overlay-opacity":"","overlay-gradient":""},"mobile":{"background-color":"","background-image":"","background-repeat":"repeat","background-position":"center center","background-size":"auto","background-attachment":"scroll","background-type":"","background-media":"","overlay-type":"","overlay-color":"","overlay-opacity":"","overlay-gradient":""}},"ast-content-background-meta":{"desktop":{"background-color":"var(--ast-global-color-5)","background-image":"","background-repeat":"repeat","background-position":"center center","background-size":"auto","background-attachment":"scroll","background-type":"","background-media":"","overlay-type":"","overlay-color":"","overlay-opacity":"","overlay-gradient":""},"tablet":{"background-color":"var(--ast-global-color-5)","background-image":"","background-repeat":"repeat","background-position":"center center","background-size":"auto","background-attachment":"scroll","background-type":"","background-media":"","overlay-type":"","overlay-color":"","overlay-opacity":"","overlay-gradient":""},"mobile":{"background-color":"var(--ast-global-color-5)","background-image":"","background-repeat":"repeat","background-position":"center center","background-size":"auto","background-attachment":"scroll","background-type":"","background-media":"","overlay-type":"","overlay-color":"","overlay-opacity":"","overlay-gradient":""}}},"product_brand":[25],"product_cat":[177,175],"product_tag":[203,136,201,54,200,50,194,195,197,198,55,199],"class_list":{"0":"post-6618","1":"product","2":"type-product","3":"status-publish","4":"has-post-thumbnail","6":"product_brand-linex-store","7":"product_cat-fresa-de-chanfro-60-graus","8":"product_cat-fresa-de-chanfro","9":"product_tag-203","10":"product_tag-136","11":"product_tag-alta-precisao","12":"product_tag-carboneto-de-tungstenio","13":"product_tag-durabilidade","14":"product_tag-fresa","15":"product_tag-fresa-de-chanfro","16":"product_tag-fresa-v-bit","17":"product_tag-hrc-55","18":"product_tag-metais","19":"product_tag-metal-duro","20":"product_tag-usinagem","21":"desktop-align-center","22":"tablet-align-center","23":"mobile-align-center","25":"first","26":"instock","27":"taxable","28":"shipping-taxable","29":"purchasable","30":"product-type-simple"},"_links":{"self":[{"href":"https:\/\/linexstore.com.br\/loja\/wp-json\/wp\/v2\/product\/6618","targetHints":{"allow":["GET"]}}],"collection":[{"href":"https:\/\/linexstore.com.br\/loja\/wp-json\/wp\/v2\/product"}],"about":[{"href":"https:\/\/linexstore.com.br\/loja\/wp-json\/wp\/v2\/types\/product"}],"replies":[{"embeddable":true,"href":"https:\/\/linexstore.com.br\/loja\/wp-json\/wp\/v2\/comments?post=6618"}],"wp:featuredmedia":[{"embeddable":true,"href":"https:\/\/linexstore.com.br\/loja\/wp-json\/wp\/v2\/media\/6525"}],"wp:attachment":[{"href":"https:\/\/linexstore.com.br\/loja\/wp-json\/wp\/v2\/media?parent=6618"}],"wp:term":[{"taxonomy":"product_brand","embeddable":true,"href":"https:\/\/linexstore.com.br\/loja\/wp-json\/wp\/v2\/product_brand?post=6618"},{"taxonomy":"product_cat","embeddable":true,"href":"https:\/\/linexstore.com.br\/loja\/wp-json\/wp\/v2\/product_cat?post=6618"},{"taxonomy":"product_tag","embeddable":true,"href":"https:\/\/linexstore.com.br\/loja\/wp-json\/wp\/v2\/product_tag?post=6618"}],"curies":[{"name":"wp","href":"https:\/\/api.w.org\/{rel}","templated":true}]}}