{"id":6369,"date":"2025-12-17T15:28:02","date_gmt":"2025-12-17T18:28:02","guid":{"rendered":"https:\/\/linexstore.com.br\/loja\/?post_type=product&#038;p=6369"},"modified":"2026-03-12T16:19:50","modified_gmt":"2026-03-12T19:19:50","slug":"fresa-de-desbaste-20mm-x-76mm-com-4-pastilhas-intercambiaveis","status":"publish","type":"product","link":"https:\/\/linexstore.com.br\/loja\/produto\/fresa-de-desbaste-20mm-x-76mm-com-4-pastilhas-intercambiaveis","title":{"rendered":"Fresa de Desbaste 20mm x 76mm com 4 Pastilhas Intercambi\u00e1veis"},"content":{"rendered":"<h2 class=\"ui-pdp-title\">Fresa Desbaste 20mm x 76mm Ideal Para Aplainar Mesa Madeira com 4 pastilhas intercambi\u00e1veis<\/h2>\n<p>Durabilidade estendida \u2013 pastilhas girat\u00f3rias aproveitadas em 4 cantos.<\/p>\n<p>Economia garantida \u2013 menor custo de manuten\u00e7\u00e3o e troca.<\/p>\n<p>Alta performance \u2013 desbaste r\u00e1pido, preciso e uniforme.<\/p>\n<p>Versatilidade \u2013 indicada para diversos tipos de materiais.<\/p>\n<h3><strong>Aplica\u00e7\u00f5es<\/strong><\/h3>\n<ul>\n<li>Madeira<\/li>\n<li>MDF<\/li>\n<li>Compensado<\/li>\n<li>pl\u00e1sticos<\/li>\n<\/ul>\n<h3><strong>Especifica\u00e7\u00f5es T\u00e9cnicas<\/strong><\/h3>\n<ul>\n<li><strong>Di\u00e2metro de corte:<\/strong> 76 mm<\/li>\n<li><strong>Di\u00e2metro da haste:<\/strong> 20 mm<\/li>\n<li><strong>Pastilhas:<\/strong> 12 \u00d7 12 \u00d7 1,5 mm \u2013 Widea HRC55\/60<\/li>\n<\/ul>\n<p>Na LineX Store voc\u00ea encontra ferramentas selecionadas com alto padr\u00e3o de qualidade, garantindo precis\u00e3o, durabilidade e desempenho real na usinagem. Compre com seguran\u00e7a, suporte especializado e a confian\u00e7a de resultados profissionais desde o primeiro uso.<\/p>\n","protected":false},"excerpt":{"rendered":"<h6 class=\"ui-pdp-title\">Fresa Desbaste 20mm x 76mm Ideal Para Aplainar Mesa Madeira com 4 pastilhas intercambi\u00e1veis<\/h6>\n<p>Remova material com rapidez, economia e efici\u00eancia. Essa fresa \u00e9 a escolha ideal para trabalhos pesados em madeira maci\u00e7a, MDF, compensado e at\u00e9 pl\u00e1sticos.<\/p>\n","protected":false},"featured_media":7104,"comment_status":"open","ping_status":"closed","template":"","meta":{"site-sidebar-layout":"default","site-content-layout":"","ast-site-content-layout":"default","site-content-style":"default","site-sidebar-style":"default","ast-global-header-display":"","ast-banner-title-visibility":"","ast-main-header-display":"","ast-hfb-above-header-display":"","ast-hfb-below-header-display":"","ast-hfb-mobile-header-display":"","site-post-title":"","ast-breadcrumbs-content":"","ast-featured-img":"","footer-sml-layout":"","ast-disable-related-posts":"","theme-transparent-header-meta":"default","adv-header-id-meta":"","stick-header-meta":"","header-above-stick-meta":"","header-main-stick-meta":"","header-below-stick-meta":"","astra-migrate-meta-layouts":"set","ast-page-background-enabled":"default","ast-page-background-meta":{"desktop":{"background-color":"","background-image":"","background-repeat":"repeat","background-position":"center center","background-size":"auto","background-attachment":"scroll","background-type":"","background-media":"","overlay-type":"","overlay-color":"","overlay-opacity":"","overlay-gradient":""},"tablet":{"background-color":"","background-image":"","background-repeat":"repeat","background-position":"center center","background-size":"auto","background-attachment":"scroll","background-type":"","background-media":"","overlay-type":"","overlay-color":"","overlay-opacity":"","overlay-gradient":""},"mobile":{"background-color":"","background-image":"","background-repeat":"repeat","background-position":"center center","background-size":"auto","background-attachment":"scroll","background-type":"","background-media":"","overlay-type":"","overlay-color":"","overlay-opacity":"","overlay-gradient":""}},"ast-content-background-meta":{"desktop":{"background-color":"var(--ast-global-color-5)","background-image":"","background-repeat":"repeat","background-position":"center center","background-size":"auto","background-attachment":"scroll","background-type":"","background-media":"","overlay-type":"","overlay-color":"","overlay-opacity":"","overlay-gradient":""},"tablet":{"background-color":"var(--ast-global-color-5)","background-image":"","background-repeat":"repeat","background-position":"center center","background-size":"auto","background-attachment":"scroll","background-type":"","background-media":"","overlay-type":"","overlay-color":"","overlay-opacity":"","overlay-gradient":""},"mobile":{"background-color":"var(--ast-global-color-5)","background-image":"","background-repeat":"repeat","background-position":"center center","background-size":"auto","background-attachment":"scroll","background-type":"","background-media":"","overlay-type":"","overlay-color":"","overlay-opacity":"","overlay-gradient":""}}},"product_brand":[25],"product_cat":[107,117],"product_tag":[105,103,110,109,28,44,46],"class_list":{"0":"post-6369","1":"product","2":"type-product","3":"status-publish","4":"has-post-thumbnail","6":"product_brand-linex-store","7":"product_cat-fresa-de-desbaste-com-inserto","8":"product_cat-fresas-intercambiaveis","9":"product_tag-fresa-com-desbaste","10":"product_tag-fresa-com-pastilha","11":"product_tag-fresa-de-topo-com-inserto","12":"product_tag-fresa-intercambiavel","13":"product_tag-fresa-para-corte","14":"product_tag-fresa-para-madeira","15":"product_tag-fresa-para-plastico","16":"desktop-align-center","17":"tablet-align-center","18":"mobile-align-center","20":"first","21":"onbackorder","22":"taxable","23":"shipping-taxable","24":"purchasable","25":"product-type-simple"},"_links":{"self":[{"href":"https:\/\/linexstore.com.br\/loja\/wp-json\/wp\/v2\/product\/6369","targetHints":{"allow":["GET"]}}],"collection":[{"href":"https:\/\/linexstore.com.br\/loja\/wp-json\/wp\/v2\/product"}],"about":[{"href":"https:\/\/linexstore.com.br\/loja\/wp-json\/wp\/v2\/types\/product"}],"replies":[{"embeddable":true,"href":"https:\/\/linexstore.com.br\/loja\/wp-json\/wp\/v2\/comments?post=6369"}],"wp:featuredmedia":[{"embeddable":true,"href":"https:\/\/linexstore.com.br\/loja\/wp-json\/wp\/v2\/media\/7104"}],"wp:attachment":[{"href":"https:\/\/linexstore.com.br\/loja\/wp-json\/wp\/v2\/media?parent=6369"}],"wp:term":[{"taxonomy":"product_brand","embeddable":true,"href":"https:\/\/linexstore.com.br\/loja\/wp-json\/wp\/v2\/product_brand?post=6369"},{"taxonomy":"product_cat","embeddable":true,"href":"https:\/\/linexstore.com.br\/loja\/wp-json\/wp\/v2\/product_cat?post=6369"},{"taxonomy":"product_tag","embeddable":true,"href":"https:\/\/linexstore.com.br\/loja\/wp-json\/wp\/v2\/product_tag?post=6369"}],"curies":[{"name":"wp","href":"https:\/\/api.w.org\/{rel}","templated":true}]}}